{"id":1205,"date":"2024-05-16T21:58:37","date_gmt":"2024-05-16T21:58:37","guid":{"rendered":"http:\/\/proyectogeociencias.ikiam.edu.ec\/?page_id=1205"},"modified":"2024-07-23T15:27:10","modified_gmt":"2024-07-23T15:27:10","slug":"aapg","status":"publish","type":"page","link":"https:\/\/proyectogeociencias.ikiam.edu.ec\/index.php\/aapg\/","title":{"rendered":"AAPG Ikiam Student Chapter"},"content":{"rendered":"\n<p>Como cap\u00edtulo estudiantil de AAPG (Asociaci\u00f3n Americana de Ge\u00f3logos Petroleros) en Ikiam, nuestra misi\u00f3n es fomentar el inter\u00e9s y el conocimiento en las ciencias de la tierra entre los estudiantes, promover el aprendizaje pr\u00e1ctico, la investigaci\u00f3n y colaboraci\u00f3n en temas relacionados con la geolog\u00eda y la industria petrolera. Nuestra visi\u00f3n es crear un espacio donde los futuros profesionales puedan desarrollar habilidades, conectarse con expertos de la industria y contribuir al avance de la geociencia en la regi\u00f3n amaz\u00f3nica. Trabajamos para organizar webinars, talleres, actividades de campo y proyectos que enriquezcan la formaci\u00f3n acad\u00e9mica y profesional de nuestros miembros, prepar\u00e1ndolos para enfrentar los desaf\u00edos del sector energ\u00e9tico y ambiental.<\/p>\n\n\n<div class=\"n2-section-smartslider fitvidsignore  n2_clear\" data-ssid=\"6\" tabindex=\"0\" role=\"region\" aria-label=\"Slider\"><div id=\"n2-ss-6-align\" class=\"n2-ss-align\"><div class=\"n2-padding\"><div id=\"n2-ss-6\" data-creator=\"Smart Slider 3\" data-responsive=\"fullwidth\" class=\"n2-ss-slider n2-ow n2-has-hover n2notransition  \">\n\n\n\n\n\n<div class=\"n2-ss-slider-wrapper-inside\">\n        <div class=\"n2-ss-slider-1 n2_ss__touch_element n2-ow\">\n            <div class=\"n2-ss-slider-2 n2-ow\">\n                                                <div class=\"n2-ss-slider-3 n2-ow\">\n\n                    <div class=\"n2-ss-slide-backgrounds n2-ow-all\"><div class=\"n2-ss-slide-background\" data-public-id=\"1\" data-mode=\"fill\"><div data-color=\"RGBA(0,0,0,0.7)\" style=\"background-color: RGBA(0,0,0,0.7);\" class=\"n2-ss-slide-background-color\"><\/div><\/div><div class=\"n2-ss-slide-background\" data-public-id=\"2\" data-mode=\"fill\"><div class=\"n2-ss-slide-background-image\" data-blur=\"0\" data-opacity=\"100\" data-x=\"50\" data-y=\"50\" data-alt=\"\" data-title=\"\"><picture class=\"skip-lazy jetpack-lazy-image\" data-skip-lazy=\"1\"><img decoding=\"async\" src=\"\/\/proyectogeociencias.ikiam.edu.ec\/wp-content\/uploads\/slider6\/full1.jpeg\" alt=\"\" title=\"\" loading=\"lazy\" class=\"skip-lazy jetpack-lazy-image\" data-skip-lazy=\"1\"><\/picture><\/div><div data-color=\"RGBA(255,255,255,0)\" style=\"background-color: RGBA(255,255,255,0);\" class=\"n2-ss-slide-background-color\"><\/div><\/div><\/div>                    <div class=\"n2-ss-slider-4 n2-ow\">\n                        <svg xmlns=\"http:\/\/www.w3.org\/2000\/svg\" viewBox=\"0 0 1200 600\" data-related-device=\"desktopPortrait\" class=\"n2-ow n2-ss-preserve-size n2-ss-preserve-size--slider n2-ss-slide-limiter\"><\/svg><div data-first=\"1\" data-slide-duration=\"0\" data-id=\"18\" data-slide-public-id=\"1\" data-title=\"Full 2\" class=\"n2-ss-slide n2-ow  n2-ss-slide-18\"><div role=\"note\" class=\"n2-ss-slide--focus\" tabindex=\"-1\">Full 2<\/div><div class=\"n2-ss-layers-container n2-ss-slide-limiter n2-ow\"><div class=\"n2-ss-layer n2-ow n-uc-8Q18iBOOlzqV\" data-sstype=\"slide\" data-pm=\"default\"><div class=\"n2-ss-layer n2-ow n-uc-1f4f8ad18c1a0\" data-pm=\"default\" data-sstype=\"content\" data-hasbackground=\"1\"><div class=\"n2-ss-section-main-content n2-ss-layer-with-background n2-ss-layer-content n2-ow n-uc-1f4f8ad18c1a0-inner\"><div class=\"n2-ss-layer n2-ow n-uc-D03vvwqTejiS\" data-pm=\"normal\" data-sstype=\"layer\"><div id=\"n2-ss-6item1\" class=\"n2-font-4c6c7e1b1bf49436c2f87de4e58f32ed-hover   n2-ss-item-content n2-ss-text n2-ow\" style=\"display:block;\">Salida de campo: Una nueva oportunidad para seguir aprendiendo<\/div><\/div><div class=\"n2-ss-layer n2-ow n-uc-9FOxQr3pAg1u n2-ss-layer--auto\" data-pm=\"normal\" data-sstype=\"layer\"><div class=\"n2-ss-button-container n2-ss-item-content n2-ow n2-font-eab51c91a105da89340da7933c600fd4-link  n2-ss-nowrap n2-ss-button-container--non-full-width\"><a class=\"n2-style-5f23d634b8593098f9a9a9a790f5b3dd-heading  n2-ow \" href=\"https:\/\/proyectogeociencias.ikiam.edu.ec\/index.php\/field-trip-una-nueva-oportunidad-para-seguir-aprendiendo\/\"><div><div>Leer m\u00e1s<\/div><\/div><\/a><\/div><\/div><\/div><\/div><\/div><\/div><img decoding=\"async\" loading=\"lazy\" class=\"n2-ss-slide-thumbnail skip-lazy jetpack-lazy-image\" data-skip-lazy=\"1\" src=\"https:\/\/proyectogeociencias.ikiam.edu.ec\/wp-content\/uploads\/slider6\/f2.jpg\" alt=\"Full 2\"><\/div><div data-slide-duration=\"0\" data-id=\"17\" data-slide-public-id=\"2\" data-title=\"Full 1\" class=\"n2-ss-slide n2-ow  n2-ss-slide-17\"><div role=\"note\" class=\"n2-ss-slide--focus\" tabindex=\"-1\">Full 1<\/div><div class=\"n2-ss-layers-container n2-ss-slide-limiter n2-ow\"><div class=\"n2-ss-layer n2-ow n-uc-qn6Pb2UF1hqR\" data-sstype=\"slide\" data-pm=\"default\"><div class=\"n2-ss-layer n2-ow n-uc-187d8f1049b03\" data-pm=\"default\" data-sstype=\"content\" data-hasbackground=\"1\"><div class=\"n2-ss-section-main-content n2-ss-layer-with-background n2-ss-layer-content n2-ow n-uc-187d8f1049b03-inner\"><div class=\"n2-ss-layer n2-ow n-uc-2CmBc17E75oi n2-ss-layer--auto\" data-pm=\"normal\" data-sstype=\"layer\"><div id=\"n2-ss-6item3\" class=\"n2-font-37213fe73f82b18706d4317a894623bc-hover n2-style-b9880470c8178890efa20e7c510bc08a-heading   n2-ss-item-content n2-ss-text n2-ow\" style=\"display:inline-block;white-space:nowrap;\"><\/div><\/div><div class=\"n2-ss-layer n2-ow n-uc-kYioCZs0uzPW\" data-pm=\"normal\" data-sstype=\"layer\"><div id=\"n2-ss-6item4\" class=\"n2-font-4c6c7e1b1bf49436c2f87de4e58f32ed-hover   n2-ss-item-content n2-ss-text n2-ow\" style=\"display:block;\">AAPG Ikiam participa en una salida de campo a Oyacachi<\/div><\/div><\/div><\/div><\/div><\/div><img decoding=\"async\" loading=\"lazy\" class=\"n2-ss-slide-thumbnail skip-lazy jetpack-lazy-image\" data-skip-lazy=\"1\" src=\"https:\/\/proyectogeociencias.ikiam.edu.ec\/wp-content\/uploads\/slider6\/f1.jpg\" alt=\"Full 1\"><\/div>                    <\/div>\n\n                                    <\/div>\n            <\/div>\n        <\/div>\n        <div class=\"n2-ss-slider-controls n2-ss-slider-controls-absolute-left-center\"><div style=\"--widget-offset:5px;\" class=\"n2-ss-widget nextend-arrow n2-ow-all nextend-arrow-previous  nextend-arrow-animated-fade\" data-hide-mobileportrait=\"1\" id=\"n2-ss-6-arrow-previous\" role=\"button\" aria-label=\"previous arrow\" tabindex=\"0\"><img decoding=\"async\" width=\"32\" height=\"32\" class=\"skip-lazy jetpack-lazy-image\" data-skip-lazy=\"1\" src=\"data:image\/svg+xml;base64,PHN2ZyB3aWR0aD0iMzIiIGhlaWdodD0iMzIiIHZpZXdCb3g9IjAgMCAzMiAzMiIgeG1sbnM9Imh0dHA6Ly93d3cudzMub3JnLzIwMDAvc3ZnIj4KICAgIDxwYXRoIGQ9Ik0xMS40MzMgMTUuOTkyTDIyLjY5IDUuNzEyYy4zOTMtLjM5LjM5My0xLjAzIDAtMS40Mi0uMzkzLS4zOS0xLjAzLS4zOS0xLjQyMyAwbC0xMS45OCAxMC45NGMtLjIxLjIxLS4zLjQ5LS4yODUuNzYtLjAxNS4yOC4wNzUuNTYuMjg0Ljc3bDExLjk4IDEwLjk0Yy4zOTMuMzkgMS4wMy4zOSAxLjQyNCAwIC4zOTMtLjQuMzkzLTEuMDMgMC0xLjQybC0xMS4yNTctMTAuMjkiCiAgICAgICAgICBmaWxsPSIjZmZmZmZmIiBvcGFjaXR5PSIwLjgiIGZpbGwtcnVsZT0iZXZlbm9kZCIvPgo8L3N2Zz4=\" alt=\"previous arrow\"><\/div><\/div><div class=\"n2-ss-slider-controls n2-ss-slider-controls-absolute-right-center\"><div style=\"--widget-offset:5px;\" class=\"n2-ss-widget nextend-arrow n2-ow-all nextend-arrow-next  nextend-arrow-animated-fade\" data-hide-mobileportrait=\"1\" id=\"n2-ss-6-arrow-next\" role=\"button\" aria-label=\"next arrow\" tabindex=\"0\"><img decoding=\"async\" width=\"32\" height=\"32\" class=\"skip-lazy jetpack-lazy-image\" data-skip-lazy=\"1\" src=\"data:image\/svg+xml;base64,PHN2ZyB3aWR0aD0iMzIiIGhlaWdodD0iMzIiIHZpZXdCb3g9IjAgMCAzMiAzMiIgeG1sbnM9Imh0dHA6Ly93d3cudzMub3JnLzIwMDAvc3ZnIj4KICAgIDxwYXRoIGQ9Ik0xMC43MjIgNC4yOTNjLS4zOTQtLjM5LTEuMDMyLS4zOS0xLjQyNyAwLS4zOTMuMzktLjM5MyAxLjAzIDAgMS40MmwxMS4yODMgMTAuMjgtMTEuMjgzIDEwLjI5Yy0uMzkzLjM5LS4zOTMgMS4wMiAwIDEuNDIuMzk1LjM5IDEuMDMzLjM5IDEuNDI3IDBsMTIuMDA3LTEwLjk0Yy4yMS0uMjEuMy0uNDkuMjg0LS43Ny4wMTQtLjI3LS4wNzYtLjU1LS4yODYtLjc2TDEwLjcyIDQuMjkzeiIKICAgICAgICAgIGZpbGw9IiNmZmZmZmYiIG9wYWNpdHk9IjAuOCIgZmlsbC1ydWxlPSJldmVub2RkIi8+Cjwvc3ZnPg==\" alt=\"next arrow\"><\/div><\/div><div class=\"n2-ss-slider-controls n2-ss-slider-controls-absolute-center-bottom\"><div style=\"--widget-offset:5px;\" class=\"n2-ss-widget n2-ss-control-bullet n2-ow-all n2-ss-control-bullet-horizontal\"><div class=\" nextend-bullet-bar n2-bar-justify-content-center\"><div class=\"n2-bullet n2-style-4ef2b9ef3ac95757a797a679951a67a3-dot \" style=\"visibility:hidden;\"><\/div><\/div><\/div><\/div><\/div><\/div><ss3-loader><\/ss3-loader><\/div><\/div><div class=\"n2_clear\"><\/div><\/div>\n\n\n<p><\/p>\n\n\n\n<figure class=\"wp-block-image size-full is-resized\"><img fetchpriority=\"high\" decoding=\"async\" src=\"https:\/\/proyectogeociencias.ikiam.edu.ec\/wp-content\/uploads\/2024\/05\/1715897285989.jpg\" alt=\"\" class=\"wp-image-1214\" width=\"841\" height=\"265\"\/><\/figure>\n\n\n\n<p><strong>MIEMBROS<\/strong><\/p>\n\n\n\n<div class=\"wp-block-media-text alignwide is-stacked-on-mobile\" style=\"grid-template-columns:22% auto\"><figure class=\"wp-block-media-text__media\"><img loading=\"lazy\" decoding=\"async\" width=\"333\" height=\"332\" src=\"https:\/\/proyectogeociencias.ikiam.edu.ec\/wp-content\/uploads\/2024\/05\/Imagen1-1.png\" alt=\"\" class=\"wp-image-1375 size-full\"\/><\/figure><div class=\"wp-block-media-text__content\">\n<p><strong>Oswaldo Guzm\u00e1n. PhD<\/strong><\/p>\n\n\n\n<p>Director docente de AAPG Ikiam Student Chapter<\/p>\n\n\n\n<p>Email: oswaldojoseguzman@gmail.com <\/p>\n\n\n\n<p>AAPG ID: 10036614<\/p>\n<\/div><\/div>\n\n\n\n<div class=\"wp-block-media-text alignwide has-media-on-the-right is-stacked-on-mobile\" style=\"grid-template-columns:auto 20%\"><div class=\"wp-block-media-text__content\">\n<p><strong>Jeniffer Jara<\/strong><\/p>\n\n\n\n<p>Presidente del AAPG Ikiam. Estudiante de 8vo semestre de la carrera de Geociencias.<\/p>\n\n\n\n<p>Email: jennifer.jara@est.ikiam.edu.ec<\/p>\n\n\n\n<p>AAPG ID: 10247344<\/p>\n\n\n\n<p> <\/p>\n<\/div><figure class=\"wp-block-media-text__media\"><img loading=\"lazy\" decoding=\"async\" width=\"318\" height=\"318\" src=\"https:\/\/proyectogeociencias.ikiam.edu.ec\/wp-content\/uploads\/2024\/05\/Imagen5.jpg\" alt=\"\" class=\"wp-image-1377 size-full\"\/><\/figure><\/div>\n\n\n\n<div class=\"wp-block-media-text alignwide is-stacked-on-mobile\" style=\"grid-template-columns:20% auto\"><figure class=\"wp-block-media-text__media\"><img loading=\"lazy\" decoding=\"async\" width=\"322\" height=\"322\" src=\"https:\/\/proyectogeociencias.ikiam.edu.ec\/wp-content\/uploads\/2024\/05\/Imagen4-1.jpg\" alt=\"\" class=\"wp-image-1378 size-full\"\/><\/figure><div class=\"wp-block-media-text__content\">\n<p><strong>Jordy Morocho<\/strong><\/p>\n\n\n\n<p>Vicepresitende del AAPG Ikiam. Estudiante de 7mo semestre de la carrera de Geociencias.<\/p>\n\n\n\n<p>Email: jordy.morocho@est.ikiam.edu.ec<\/p>\n\n\n\n<p>AAPG ID: 10247138<\/p>\n<\/div><\/div>\n\n\n\n<p><\/p>\n\n\n\n<div class=\"wp-block-media-text alignwide has-media-on-the-right is-stacked-on-mobile\" style=\"grid-template-columns:auto 20%\"><div class=\"wp-block-media-text__content\">\n<p><strong>Yanireth Onofre<\/strong><\/p>\n\n\n\n<p>Secretaria del AAPG Ikiam. Estudiante de 7mo semestre de la carrera de Geociencias.<\/p>\n\n\n\n<p>Email: yanireth.onofre@est.ikiam.edu.ec<\/p>\n\n\n\n<p>AAPG ID: 10247382<\/p>\n\n\n\n<p> <\/p>\n\n\n\n<p><\/p>\n<\/div><figure class=\"wp-block-media-text__media\"><img loading=\"lazy\" decoding=\"async\" width=\"148\" height=\"150\" src=\"https:\/\/proyectogeociencias.ikiam.edu.ec\/wp-content\/uploads\/2024\/05\/Imagen3.jpg\" alt=\"\" class=\"wp-image-1381 size-full\"\/><\/figure><\/div>\n\n\n\n<div class=\"wp-block-media-text alignwide is-stacked-on-mobile\" style=\"grid-template-columns:21% auto\"><figure class=\"wp-block-media-text__media\"><img loading=\"lazy\" decoding=\"async\" width=\"147\" height=\"146\" src=\"https:\/\/proyectogeociencias.ikiam.edu.ec\/wp-content\/uploads\/2024\/05\/Imagen2.jpg\" alt=\"\" class=\"wp-image-1382 size-full\"\/><\/figure><div class=\"wp-block-media-text__content\">\n<p><strong>Yeimmy Rojas<\/strong><\/p>\n\n\n\n<p>Tesorera del AAPG Ikiam. Estudiante de 7mo semestre de Geociencias.<\/p>\n\n\n\n<p>Email: yeimmy.rojas@est.ikiam.edu.ec<\/p>\n\n\n\n<p>AAPG ID: 10246914<\/p>\n<\/div><\/div>\n\n\n\n<p><\/p>\n\n\n\n<p><\/p>\n","protected":false},"excerpt":{"rendered":"<p>Como cap\u00edtulo estudiantil de AAPG (Asociaci\u00f3n Americana de Ge\u00f3logos Petroleros) en Ikiam, nuestra misi\u00f3n es fomentar el inter\u00e9s y el conocimiento en las ciencias de la tierra entre los estudiantes, promover el aprendizaje pr\u00e1ctico, la investigaci\u00f3n y colaboraci\u00f3n en temas relacionados con la geolog\u00eda y la industria petrolera. Nuestra visi\u00f3n [&hellip;]<\/p>\n","protected":false},"author":26,"featured_media":0,"parent":0,"menu_order":0,"comment_status":"closed","ping_status":"closed","template":"","meta":[],"_links":{"self":[{"href":"https:\/\/proyectogeociencias.ikiam.edu.ec\/index.php\/wp-json\/wp\/v2\/pages\/1205"}],"collection":[{"href":"https:\/\/proyectogeociencias.ikiam.edu.ec\/index.php\/wp-json\/wp\/v2\/pages"}],"about":[{"href":"https:\/\/proyectogeociencias.ikiam.edu.ec\/index.php\/wp-json\/wp\/v2\/types\/page"}],"author":[{"embeddable":true,"href":"https:\/\/proyectogeociencias.ikiam.edu.ec\/index.php\/wp-json\/wp\/v2\/users\/26"}],"replies":[{"embeddable":true,"href":"https:\/\/proyectogeociencias.ikiam.edu.ec\/index.php\/wp-json\/wp\/v2\/comments?post=1205"}],"version-history":[{"count":14,"href":"https:\/\/proyectogeociencias.ikiam.edu.ec\/index.php\/wp-json\/wp\/v2\/pages\/1205\/revisions"}],"predecessor-version":[{"id":1487,"href":"https:\/\/proyectogeociencias.ikiam.edu.ec\/index.php\/wp-json\/wp\/v2\/pages\/1205\/revisions\/1487"}],"wp:attachment":[{"href":"https:\/\/proyectogeociencias.ikiam.edu.ec\/index.php\/wp-json\/wp\/v2\/media?parent=1205"}],"curies":[{"name":"wp","href":"https:\/\/api.w.org\/{rel}","templated":true}]}}