{"id":1551,"date":"2024-10-30T23:20:38","date_gmt":"2024-10-30T23:20:38","guid":{"rendered":"http:\/\/proyectogeociencias.ikiam.edu.ec\/?page_id=1551"},"modified":"2024-12-04T04:27:26","modified_gmt":"2024-12-04T04:27:26","slug":"blogs","status":"publish","type":"page","link":"https:\/\/proyectogeociencias.ikiam.edu.ec\/index.php\/blogs\/","title":{"rendered":"BLOGS"},"content":{"rendered":"\n<div class=\"wp-block-media-text alignwide is-stacked-on-mobile\"><figure class=\"wp-block-media-text__media\"><img fetchpriority=\"high\" decoding=\"async\" width=\"1433\" height=\"1433\" src=\"https:\/\/proyectogeociencias.ikiam.edu.ec\/wp-content\/uploads\/2024\/10\/Mishell-tenis.jpg\" alt=\"\" class=\"wp-image-1556 size-full\"\/><\/figure><div class=\"wp-block-media-text__content\">\n<p class=\"has-text-align-justify\"><strong>Destacada Participaci\u00f3n de Mishell Cabrera en el Torneo de Tenis de Mesa por el D\u00e9cimo Aniversario de la Universidad Regional Amaz\u00f3nica Ikiam<\/strong><\/p>\n\n\n\n<p class=\"has-text-align-justify\">El pasado 23 de octubre de 2024, en el marco de las festividades del d\u00e9cimo aniversario de la Universidad Regional Amaz\u00f3nica Ikiam, se celebr\u00f3 un torneo de tenis de mesa que reuni\u00f3 a estudiantes de diversas facultades. Mishell Cabrera, estudiante graduada de la carrera de Ingenier\u00eda en Geociencias, se destac\u00f3 en la categor\u00eda de tenis de mesa para novatos mujeres, obteniendo el primer lugar en la competencia en el que demostr\u00f3 su habilidad en el deporte.<\/p>\n\n\n\n<p class=\"has-text-align-justify\">La participaci\u00f3n de Mishell refleja el compromiso de nuestra comunidad estudiantil con la excelencia en todas las \u00e1reas, promoviendo el desarrollo integral de sus estudiantes. Felicitamos a Mishell por este merecido logro y por formar parte de este evento especial que celebra los valores y la trayectoria de nuestra universidad.<\/p>\n<\/div><\/div>\n","protected":false},"excerpt":{"rendered":"<p>Destacada Participaci\u00f3n de Mishell Cabrera en el Torneo de Tenis de Mesa por el D\u00e9cimo Aniversario de la Universidad Regional Amaz\u00f3nica Ikiam El pasado 23 de octubre de 2024, en el marco de las festividades del d\u00e9cimo aniversario de la Universidad Regional Amaz\u00f3nica Ikiam, se celebr\u00f3 un torneo de tenis [&hellip;]<\/p>\n","protected":false},"author":26,"featured_media":0,"parent":0,"menu_order":0,"comment_status":"closed","ping_status":"closed","template":"","meta":[],"_links":{"self":[{"href":"https:\/\/proyectogeociencias.ikiam.edu.ec\/index.php\/wp-json\/wp\/v2\/pages\/1551"}],"collection":[{"href":"https:\/\/proyectogeociencias.ikiam.edu.ec\/index.php\/wp-json\/wp\/v2\/pages"}],"about":[{"href":"https:\/\/proyectogeociencias.ikiam.edu.ec\/index.php\/wp-json\/wp\/v2\/types\/page"}],"author":[{"embeddable":true,"href":"https:\/\/proyectogeociencias.ikiam.edu.ec\/index.php\/wp-json\/wp\/v2\/users\/26"}],"replies":[{"embeddable":true,"href":"https:\/\/proyectogeociencias.ikiam.edu.ec\/index.php\/wp-json\/wp\/v2\/comments?post=1551"}],"version-history":[{"count":3,"href":"https:\/\/proyectogeociencias.ikiam.edu.ec\/index.php\/wp-json\/wp\/v2\/pages\/1551\/revisions"}],"predecessor-version":[{"id":1597,"href":"https:\/\/proyectogeociencias.ikiam.edu.ec\/index.php\/wp-json\/wp\/v2\/pages\/1551\/revisions\/1597"}],"wp:attachment":[{"href":"https:\/\/proyectogeociencias.ikiam.edu.ec\/index.php\/wp-json\/wp\/v2\/media?parent=1551"}],"curies":[{"name":"wp","href":"https:\/\/api.w.org\/{rel}","templated":true}]}}