{"id":1563,"date":"2024-11-22T21:43:59","date_gmt":"2024-11-22T21:43:59","guid":{"rendered":"http:\/\/proyectogeociencias.ikiam.edu.ec\/?page_id=1563"},"modified":"2024-11-22T22:49:30","modified_gmt":"2024-11-22T22:49:30","slug":"iii-conversatorio-de-geociencias-te-gustaria-saber-sobre-becas-para-una-maestria-en-geologia-en-la-universidad-de-brasilia-y-los-requisitos-para-aplicar","status":"publish","type":"page","link":"https:\/\/proyectogeociencias.ikiam.edu.ec\/index.php\/iii-conversatorio-de-geociencias-te-gustaria-saber-sobre-becas-para-una-maestria-en-geologia-en-la-universidad-de-brasilia-y-los-requisitos-para-aplicar\/","title":{"rendered":"III Conversatorio de Geociencias: \u00a1Conoce m\u00e1s sobre becas para una Maestr\u00eda en Geolog\u00eda en la Universidad de Brasilia!"},"content":{"rendered":"\n<p class=\"has-text-align-justify\">El pasado <strong>viernes 22 de noviembre de 2024<\/strong>, tuvimos el placer de realizar un conversatorio \u00fanico e inspirador sobre las <strong>becas para estudiar una Maestr\u00eda en Geolog\u00eda en la Universidad de Brasilia<\/strong>. Este evento, organizado en el <strong>Laboratorio de Geociencias de la Universidad Regional Amaz\u00f3nica Ikiam<\/strong>, tuvo como invitada especial a la <strong>Ing. en Geociencias Isabel Garc\u00eda L\u00f3pez<\/strong>, quien actualmente cursa sus estudios en esta prestigiosa instituci\u00f3n brasile\u00f1a.<\/p>\n\n\n\n<div class=\"wp-block-media-text alignwide is-stacked-on-mobile\" style=\"grid-template-columns:32% auto\"><figure class=\"wp-block-media-text__media\"><img fetchpriority=\"high\" decoding=\"async\" width=\"9895\" height=\"5670\" src=\"https:\/\/proyectogeociencias.ikiam.edu.ec\/wp-content\/uploads\/2024\/11\/1732315619435.jpg\" alt=\"\" class=\"wp-image-1591 size-full\"\/><\/figure><div class=\"wp-block-media-text__content\">\n<p><strong>\u00bfDe qu\u00e9 trat\u00f3 el conversatorio?<\/strong><\/p>\n\n\n\n<p class=\"has-text-align-justify\">Durante una hora, Isabel Garc\u00eda comparti\u00f3 informaci\u00f3n detallada sobre los requisitos y procesos para aplicar a estas becas, as\u00ed como consejos pr\u00e1cticos basados en su propia experiencia como estudiante en Brasil. Algunos de los puntos clave abordados fueron:<\/p>\n<\/div><\/div>\n\n\n\n<p><\/p>\n\n\n\n<ol>\n<li><strong>Documentaci\u00f3n requerida<\/strong><\/li>\n\n\n\n<li><strong>Beneficios de las becas<\/strong><\/li>\n\n\n\n<li><strong>Retos y oportunidades<\/strong>:<\/li>\n<\/ol>\n\n\n\n<p class=\"has-text-align-justify\">Queremos expresar nuestro m\u00e1s sincero agradecimiento a la <strong>Ing. Isabel Garc\u00eda L\u00f3pez<\/strong> por su dedicaci\u00f3n y disposici\u00f3n para compartir su valiosa experiencia. Su ejemplo es una fuente de motivaci\u00f3n para todos los estudiantes interesados en seguir este camino acad\u00e9mico.<\/p>\n\n\n\n<p class=\"has-text-align-justify\">Gracias a eventos como este, reafirmamos nuestro compromiso de fomentar el crecimiento profesional de nuestra comunidad universitaria, especialmente de la carrera de Ingenier\u00eda en Geociencias y en \u00e1reas clave para el desarrollo sostenible de nuestra regi\u00f3n amaz\u00f3nica.<\/p>\n\n\n\n<div class=\"wp-block-media-text alignwide is-stacked-on-mobile\" style=\"grid-template-columns:16% auto\"><figure class=\"wp-block-media-text__media\"><img decoding=\"async\" width=\"2160\" height=\"2160\" src=\"https:\/\/proyectogeociencias.ikiam.edu.ec\/wp-content\/uploads\/2024\/11\/1732314218224.jpg\" alt=\"\" class=\"wp-image-1578 size-full\"\/><\/figure><div class=\"wp-block-media-text__content\">\n<p class=\"has-text-align-justify\">Si te perdiste el evento, no te preocupes. Hemos recopilado toda la informaci\u00f3n presentada durante el conversatorio, as\u00ed como documentos y enlaces relevantes para que puedas profundizar en los temas tratados.<\/p>\n\n\n\n<ul>\n<li>\ud83d\udcc2<a href=\"https:\/\/www.ppgg.unb.br\/images\/Editais\/2025_1\/EDITAL_3_2024_Geologia.pd\">https:\/\/www.ppgg.unb.br\/images\/Editais\/2025_1\/EDITAL_3_2024_Geologia.pd<\/a><\/li>\n\n\n\n<li>\ud83d\udd17<a href=\"https:\/\/www.ppgg.unb.br\/oportunidades\">https:\/\/www.ppgg.unb.br\/oportunidades<\/a><\/li>\n\n\n\n<li>\ud83d\udd17<a href=\"https:\/\/www.ppgg.unb.br\/institucional\/equipe\">https:\/\/www.ppgg.unb.br\/institucional\/equipe<\/a><\/li>\n\n\n\n<li>\ud83d\udd17<a href=\"https:\/\/www.ppgg.unb.br\/documentos\/edital-selecao-novo\">https:\/\/www.ppgg.unb.br\/documentos\/edital-selecao-novo<\/a><\/li>\n<\/ul>\n<\/div><\/div>\n\n\n\n<div class=\"wp-block-group alignwide is-layout-constrained\"><div class=\"wp-block-group__inner-container\">\n<div class=\"wp-block-group alignwide is-layout-constrained\"><div class=\"wp-block-group__inner-container\">\n<div class=\"wp-block-group alignwide is-vertical is-layout-flex wp-container-1\">\n<p><strong>Organizadores:<\/strong><\/p>\n\n\n\n<ul>\n<li><strong>Cristian W. Alvarado: <\/strong>Estudiante de Geociencias &#8211; Coordinador y Representante del Proyecto Geociencias<\/li>\n\n\n\n<li><strong>Julieth Chancay: <\/strong>Ing. en Geociencias<\/li>\n\n\n\n<li><strong>Jordy Morocho:<\/strong> Estudiante de Geociencias y Presidente de APPG<\/li>\n<\/ul>\n<\/div>\n<\/div><\/div>\n<\/div><\/div>\n","protected":false},"excerpt":{"rendered":"<p>El pasado viernes 22 de noviembre de 2024, tuvimos el placer de realizar un conversatorio \u00fanico e inspirador sobre las becas para estudiar una Maestr\u00eda en Geolog\u00eda en la Universidad de Brasilia. Este evento, organizado en el Laboratorio de Geociencias de la Universidad Regional Amaz\u00f3nica Ikiam, tuvo como invitada especial [&hellip;]<\/p>\n","protected":false},"author":26,"featured_media":0,"parent":0,"menu_order":0,"comment_status":"closed","ping_status":"closed","template":"","meta":[],"_links":{"self":[{"href":"https:\/\/proyectogeociencias.ikiam.edu.ec\/index.php\/wp-json\/wp\/v2\/pages\/1563"}],"collection":[{"href":"https:\/\/proyectogeociencias.ikiam.edu.ec\/index.php\/wp-json\/wp\/v2\/pages"}],"about":[{"href":"https:\/\/proyectogeociencias.ikiam.edu.ec\/index.php\/wp-json\/wp\/v2\/types\/page"}],"author":[{"embeddable":true,"href":"https:\/\/proyectogeociencias.ikiam.edu.ec\/index.php\/wp-json\/wp\/v2\/users\/26"}],"replies":[{"embeddable":true,"href":"https:\/\/proyectogeociencias.ikiam.edu.ec\/index.php\/wp-json\/wp\/v2\/comments?post=1563"}],"version-history":[{"count":15,"href":"https:\/\/proyectogeociencias.ikiam.edu.ec\/index.php\/wp-json\/wp\/v2\/pages\/1563\/revisions"}],"predecessor-version":[{"id":1595,"href":"https:\/\/proyectogeociencias.ikiam.edu.ec\/index.php\/wp-json\/wp\/v2\/pages\/1563\/revisions\/1595"}],"wp:attachment":[{"href":"https:\/\/proyectogeociencias.ikiam.edu.ec\/index.php\/wp-json\/wp\/v2\/media?parent=1563"}],"curies":[{"name":"wp","href":"https:\/\/api.w.org\/{rel}","templated":true}]}}